7336 and 27018.
18
Calculate the greatest common factor of 5682411 and 126.
63
What is the greatest common factor of 20714625 and 90?
45
Calculate the highest common factor of 611 and 332615569.
611
Calculate the highest common divisor of 72 and 321692328.
72
Calculate the highest common divisor of 102839059 and 12686.
6343
Calculate the greatest common divisor of 19409 and 1963.
13
Calculate the greatest common factor of 39 and 332903558.
13
What is the highest common factor of 166520 and 1253960?
920
What is the highest common factor of 319862648 and 56?
56
What is the greatest common factor of 140 and 32824260?
140
What is the highest common divisor of 33374512 and 12784?
752
Calculate the highest common factor of 504 and 11518164.
252
What is the greatest common factor of 56017873 and 553?
79
Calculate the highest common factor of 11734140 and 2760.
1380
Calculate the highest common divisor of 24997 and 64442.
7
Calculate the highest common divisor of 48006 and 53319.
21
Calculate the highest common factor of 833868 and 3402.
378
What is the highest common factor of 3311 and 614383?
77
Calculate the greatest common divisor of 440099 and 45001.
11
What is the greatest common divisor of 362085 and 82455?
3585
Calculate the greatest common factor of 1423968 and 912.
48
What is the greatest common divisor of 10 and 27605370?
10
What is the greatest common divisor of 48069756 and 126?
126
What is the greatest common divisor of 868 and 130232333?
217
What is the greatest common divisor of 188 and 29744232?
188
Calculate the highest common divisor of 2067764 and 556.
556
Calculate the greatest common factor of 176 and 1594516.
44
What is the highest common factor of 539 and 23137996?
49
Calculate the highest common factor of 279684 and 60180.
204
Calculate the highest common divisor of 8504431 and 52.
13
Calculate the highest common factor of 2804735 and 1495.
115
What is the greatest common factor of 8064 and 36281?
7
What is the highest common factor of 79124 and 3361864?
604
What is the greatest common divisor of 93406083 and 1389?
1389
What is the greatest common divisor of 1446 and 112225506?
1446
What is the highest common factor of 21052 and 8611376?
1108
Calculate the highest common divisor of 2504 and 569304.
8
Calculate the highest common factor of 3731 and 1349012.
7
Calculate the highest common divisor of 343914 and 25017.
93
Calculate the greatest common factor of 28965027 and 5931.
1977
Calculate the greatest common divisor of 2115 and 299531.
47
What is the greatest common divisor of 22377 and 1392?
3
Calculate the greatest common divisor of 18568311 and 3238.
1619
What is the highest common factor of 12933 and 410825367?
4311
What is the highest common divisor of 222 and 251742?
6
Calculate the greatest common factor of 619918 and 15614.
422
What is the greatest common divisor of 7182 and 198669282?
798
Calculate the highest common factor of 1021 and 592070753.
1021
What is the highest common divisor of 10270572 and 234?
78
Calculate the greatest common factor of 108416 and 38390880.
3872
What is the greatest common factor of 15906 and 2430516?
66
Calculate the highest common factor of 426303 and 5073.
57
What is the greatest common divisor of 126225 and 18225?
675
Calculate the greatest common factor of 6367043 and 611.
47
Calculate the greatest common divisor of 1984483 and 55706.
173
What is the greatest common factor of 229500 and 360060?
1020
What is the highest common factor of 204 and 64427484?
204
What is the highest common divisor of 508837 and 187929?
1099
What is the highest common factor of 10643860 and 40?
20
What is the highest common divisor of 72 and 65578068?
36
Calculate the highest common factor of 5385640 and 26.
26
What is the greatest common divisor of 2204936 and 73598?
1502
What is the highest common divisor of 893282 and 37281?
731
What is the highest common factor of 118800 and 20691?
99
Calculate the greatest common divisor of 664144 and 36547078.
6386
What is the highest common divisor of 108 and 290861982?
54
Calculate the greatest common factor of 2123520 and 259.
7
What is the highest common divisor of 14 and 36043504?
14
Calculate the greatest common factor of 220419 and 385776.
171
Calculate the greatest common divisor of 236 and 66871190.
118
What is the greatest common factor of 1072 and 26368?
16
Calculate the highest common factor of 49889435 and 10.
5
Calculate the greatest common factor of 7370 and 307262.
134
Calculate the highest common factor of 18091007 and 748.
11
Calculate the greatest common divisor of 18193 and 283199.
161
Calculate the greatest common divisor of 426832 and 15450.
206
What is the greatest common divisor of 22631313 and 7185?
1437
What is the greatest common factor of 650907 and 9486?
279
Calculate the highest common factor of 1437 and 298725.
3
Calculate the greatest common divisor of 1432 and 5596972.
716
Calculate the greatest common divisor of 68478578 and 56.
14
What is the greatest common factor of 22019321 and 1?
1
Calculate the greatest common divisor of 84048 and 3927.
51
What is the greatest common divisor of 302722210 and 14120?
3530
Calculate the greatest common divisor of 707820 and 112988.
188
Calculate the highest common divisor of 645 and 5603545.
215
What is the highest common divisor of 2920 and 585095?
365
Calculate the greatest common factor of 40 and 80138984.
8
What is the greatest common factor of 225597 and 12093?
417
Calculate the greatest common divisor of 20405 and 47327.
7
What is the greatest common divisor of 22005 and 741960?
135
Calculate the highest common divisor of 26160 and 2232600.
120
Calculate the highest common factor of 52670912 and 178.
178
What is the highest common factor of 40 and 8000190?
10
What is the greatest common divisor of 13999617 and 1449?
207
Calculate the highest common factor of 595038982 and 2.
2
What is the greatest common divisor of 170496 and 35456?
128
What is the greatest common factor of 496 and 18378009?
31
What is the greatest common factor of 360234 and 4620144?
5718
Calculate the highest common factor of 259545 and 240.
15
What is the greatest common divisor of 17703 and 126658?
7
What is the greatest common factor of 31206 and 51555?
21
Calculate the highest common divisor of 28584 and 26376.
24
What is the highest common divisor of 123376 and 123728?
176
Calculate the greatest common factor of 65348 and 757268.
3844
Calculate the highest common factor of 1860 and 390763060.
620
What is the highest common factor of 7527 and 381901?
13
Calculate the greatest common factor of 119602452 and 24.
12
What is the greatest common factor of 33554538 and 14874?
402
What is the greatest common divisor of 261 and 1889959?
29
Calculate the greatest common factor of 564 and 121729812.
564
Calculate the greatest common factor of 172942550 and 550.
550
What is the highest common divisor of 38 and 1474540?
2
Calculate the highest common factor of 132925 and 274430.
65
Calculate the greatest common divisor of 3480 and 1740104400.
3480
Calculate the greatest common factor of 14471810 and 222.
74
Calculate the highest common divisor of 10925 and 57385.
115
Calculate the highest common divisor of 363 and 13554783.
363
Calculate the greatest common divisor of 825 and 494549.
11
Calculate the highest common divisor of 741928 and 264.
88
What is the highest common divisor of 3792270 and 9130?
830
Calculate the highest common factor of 1050 and 15116430.
210
What is the greatest common factor of 104811 and 232645?
161
What is the highest common divisor of 1158065 and 1940?
5
What is the greatest common factor of 6016 and 3020784?
752
What is the greatest common divisor of 24420 and 244401465?
6105
Calculate the greatest common divisor of 6420387 and 6.
3
Calculate the highest common divisor of 824 and 15897226.
206
Calculate the greatest common factor of 486654 and 168.
42
Calculate the greatest common divisor of 24817300 and 20.
20
Calculate the highest common factor of 201187 and 1148.
287
Calculate the greatest common divisor of 10480 and 896670.
10
Calculate the highest common factor of 8836 and 947426846.
4418
Calculate the highest common divisor of 1057647357 and 291.
291
Calculate the greatest common divisor of 4